ve c(-16).
5
Let s(n) = -n**3 + n**2 - 7*n + 5. Give s(-5).
190
Let v(p) = -397*p + 21819. Give v(55).
-16
Let u(n) = -4*n**3 + 31*n**2 - 20*n + 21. Determine u(7).
28
Let u(s) = s**2 - 13*s - 99. What is u(15)?
-69
Let y(c) = -1491*c + 44756. Determine y(30).
26
Let u(h) = h**2 + 27*h - 115. What is u(-33)?
83
Let q(o) = -121*o + 434. What is q(11)?
-897
Let g(m) = -m**2 + 380*m + 3903. Calculate g(-10).
3
Let n(p) = -10*p + 84. Calculate n(2).
64
Let b(w) = -w**3 - 14*w**2 - 20. What is b(-14)?
-20
Let i(l) = -369*l + 381. Determine i(1).
12
Let f(t) = -3614*t - 187931. What is f(-52)?
-3
Let b(x) = 2*x**3 + 34*x**2 - 33*x - 42. What is b(-18)?
-96
Let u(q) = -12*q**2 + 1010*q - 132. What is u(84)?
36
Let g(o) = -2147*o + 2209. Calculate g(1).
62
Let c(p) = -p**2 + 51*p + 676. Calculate c(-11).
-6
Let b(k) = 6*k**3 + 81*k**2 + 24*k - 199. What is b(-13)?
-4
Let x(h) = 17*h**2 - 4*h + 12. Determine x(3).
153
Let k(m) = -m**3 + 6*m**2 - 11*m - 4. Determine k(5).
-34
Let u(g) = 1726*g + 5213. Determine u(-3).
35
Let t(j) = j**3 - j**2 - 17*j - 21. Give t(-8).
-461
Let y(p) = p**2 + 48*p - 713. Give y(12).
7
Let n(g) = -g**3 + 4*g**2 - 104*g + 189. What is n(2)?
-11
Let j(i) = 17*i**3 + i**2 + 4*i + 1. Calculate j(-2).
-139
Let m(h) = 6*h**2 + 91*h + 352. What is m(-4)?
84
Let s(m) = 4*m**3 + 12*m**2 - 80*m - 271. Give s(-4).
-15
Let m(l) = l**3 + 7*l**2 - 94*l - 35. Give m(7).
-7
Let m(k) = -4*k**3 - 54*k**2 - 20*k - 20. Determine m(-13).
-98
Let c(q) = -321*q + 7354. Determine c(23).
-29
Let k(s) = s**3 - 19*s**2 + 30*s + 70. Calculate k(17).
2
Let v(m) = m**2 + 8*m - 28. Give v(-11).
5
Let f(m) = -19*m**3 - 496*m**2 + 456*m - 78. Determine f(-27).
3
Let l(a) = 33*a + 537. What is l(-16)?
9
Let f(b) = 8607*b + 17219. Give f(-2).
5
Let m(r) = -2*r**3 + 63*r**2 - 10*r - 661. Give m(31).
-10
Let q(b) = 25*b**3 + 7*b**2 - 11*b + 13. What is q(2)?
219
Let l(v) = v**3 - 2*v**2 - 12*v - 16. Determine l(-2).
-8
Let a(w) = -10*w**2 + 45*w - 305. What is a(9)?
-710
Let c(q) = 5*q**2 - 63*q + 37. Determine c(12).
1
Let m(f) = -264*f**2 - 1337*f + 1. Give m(-5).
86
Let h(y) = 2*y**2 - 503*y + 21042. Calculate h(53).
1
Let y(g) = -2*g**2 + 14*g - 33. Determine y(7).
-33
Let d(z) = -462*z + 4155. What is d(9)?
-3
Let w(o) = -6*o**2 + 75*o - 183. Give w(9).
6
Let i(a) = a**3 + 113*a**2 + 2852*a - 13. Give i(-38).
-89
Let v(i) = -i**2 - 11*i - 41. Calculate v(-11).
-41
Let n(o) = -o + 54. Determine n(37).
17
Let h(d) = -d**2 + 3*d + 20. What is h(0)?
20
Let u(m) = m**3 - 18*m**2 + 20*m + 180. Calculate u(16).
-12
Let u(a) = -a**2 - 258*a + 5217. Calculate u(19).
-46
Let b(m) = 7*m**3 + 490*m**2 + m + 59. Determine b(-70).
-11
Let i(c) = 7*c + 101. What is i(-20)?
-39
Let p(a) = a**3 - 51*a**2 + 191*a - 6. What is p(4)?
6
Let k(y) = 18*y**2 + 5*y - 33. What is k(-4)?
235
Let j(w) = -w**2 - 68*w - 108. What is j(-67)?
-41
Let j(c) = -c**2 + 14*c - 37. What is j(8)?
11
Let x(h) = -30*h**2 + 139*h - 11. Determine x(5).
-66
Let f(p) = 8350*p + 50099. Calculate f(-6).
-1
Let j(b) = 3*b**2 + 78*b - 56. What is j(-27)?
25
Let i(q) = -548*q + 7701. Give i(14).
29
Let o(r) = -61*r**2 + 240*r - 8. Determine o(3).
163
Let b(h) = 9*h**2 - 105*h - 440. Determine b(-4).
124
Let k(u) = 135*u + 34. Determine k(-3).
-371
Let u(i) = -i**3 + 48*i**2 - 45*i - 68. Determine u(47).
26
Let k(r) = -126*r + 55. Give k(6).
-701
Let s(d) = -2*d**2 - 18*d + 1. Determine s(0).
1
Let x(r) = -r**3 + 17*r**2 - 71*r - 2. Determine x(10).
-12
Let o(h) = h**3 - 12*h**2 + 40*h - 34. Calculate o(5).
-9
Let k(q) = -q**3 + 23*q**2 + 21*q + 78. Determine k(24).
6
Let z(g) = -2*g**2 - 265*g + 804. Determine z(3).
-9
Let b(p) = p**2 + 5356*p + 42788. What is b(-8)?
4
Let s(n) = n**3 - 3*n**2 - 27*n + 72. What is s(4)?
-20
Let p(r) = -r**3 + 118*r**2 - 233*r + 1. Give p(2).
-1
Let b(s) = -8*s**2 + 115*s - 384. What is b(9)?
3
Let g(w) = -w - 63. Calculate g(-19).
-44
Let u(q) = -5*q + 219. Calculate u(34).
49
Let p(u) = -6*u**2 + 76*u + 30. What is p(13)?
4
Let n(r) = -r**3 + 24*r**2 - 144*r + 5. Determine n(11).
-6
Let x(w) = -10*w**2 - 14*w + 41. Give x(5).
-279
Let z(s) = 67*s**2 + 540*s + 33. Give z(-8).
1
Let p(k) = -337*k + 746. Determine p(2).
72
Let v(x) = 2*x**3 + 18*x**2 + 29*x - 9. Give v(-10).
-499
Let u(y) = 4*y**2 - 19*y + 17. Determine u(2).
-5
Let w(i) = 2*i**3 + 21*i**2 + 86*i + 2. Give w(-4).
-134
Let w(l) = -105*l + 526. Calculate w(5).
1
Let g(k) = -312*k + 3441. Calculate g(11).
9
Let b(h) = -13*h**2 + 3269*h - 1519. What is b(251)?
-13
Let w(c) = -536*c + 23050. What is w(43)?
2
Let g(f) = 407*f - 2120. What is g(6)?
322
Let l(f) = -7*f**3 + 5*f**2 + 5*f - 15. Calculate l(4).
-363
Let x(g) = -g**2 - 7*g + 55. What is x(-8)?
47
Let g(w) = -20*w**2 - 143*w - 274. Calculate g(-2).
-68
Let d(g) = -191*g - 1327. Give d(-7).
10
Let r(x) = 125*x**3 - 2*x**2 + 19*x - 18. Calculate r(1).
124
Let x(k) = -136*k + 1456. What is x(10)?
96
Let b(r) = -3*r**3 - 18*r**2 + 17*r + 101. Determine b(-6).
-1
Let s(w) = -w**2 + 297*w - 19191. Calculate s(95).
-1
Let p(g) = 3*g**3 + 269*g**2 - 92*g - 168. Calculate p(-90).
12
Let b(x) = 4*x**3 - 34*x**2 - 97*x + 369. Give b(10).
-1
Let h(s) = 48*s**2 - 351*s - 351. Give h(-1).
48
Let r(t) = 210*t**3 + 2*t**2 + 6*t + 2. Give r(-1).
-212
Let t(k) = k**3 - 8*k**2 - 36*k - 6. Calculate t(-3).
3
Let s(r) = -r**3 - 19*r**2 - 79*r + 58. What is s(-12)?
-2
Let n(h) = 43*h**3 - 108*h**2 + 120*h - 11. What is n(1)?
44
Let d(b) = -2*b**2 + 52*b - 80. What is d(21)?
130
Let b(v) = -3*v**2 + 116*v - 660. Give b(32).
-20
Let t(i) = i**3 + 9*i**2 - 164*i - 42. Determine t(-18).
-6
Let o(x) = -104*x + 91. Calculate o(2).
-117
Let q(c) = -c**3 - 15*c**2 - 54*c + 18. Give q(-10).
58
Let r(j) = -j**3 + 6*j**2 - 105*j - 7. Give r(0).
-7
Let n(p) = 6*p**2 - 50*p + 110. Calculate n(8).
94
Let s(k) = k**3 + 22*k**2 + 99*k + 40. Determine s(-16).
-8
Let d(c) = -3*c**3 + 155*c**2 - 247*c - 199. Calculate d(50).
-49
Let g(t) = -18*t + 522. Calculate g(21).
144
Let x(n) = -1512*n**2 - 19665*n - 120. Give x(-13).
-3
Let b(x) = -x**2 + 176*x - 4397. What is b(147)?
-134
Let z(l) = 20*l**2 - 184*l + 185. Calculate z(1).
21
Let a(w) = -93*w + 6. Calculate a(1).
-87
Let f(m) = -1084*m - 117074. Calculate f(-108).
-2
Let i(z) = -7653*z - 53566. Determine i(-7).
5
Let y(l) = -705*l + 14080. What is y(20)?
-20
Let w(q) = 21*q + 720. Calculate w(-34).
6
Let j(w) = -w**2 + 36*w - 186. What is j(23)?
113
Let i(m) = 2*m**3 - 70*m**2 + 67*m + 28. What is i(34)?
-6
Let x(w) = -41*w + 1265. What is x(31)?
-6
Let c(z) = -224*z + 12. What is c(0)?
12
Let b(c) = c + 8. Calculate b(6).
14
Let j(u) = u**3 + 22*u**2 + 23*u + 1021. What is j(-23)?
-37
Let q(b) = 3*b**2 - 136*b + 511. Give q(4).
15
Let z(t) = -t**3 - 12*t**2 - 7*t + 70. Give z(-10).
-60
Let r(q) = -q**3 - 5*q**2 + 15*q + 5. What is r(-8)?
77
Let q(b) = 7*b**2 - 513*b - 1549. Determine q(-3).
53
Let n(y) = -2*y**3 + 7*y**2 + 14*y - 46. Calculate n(6).
-142
Let d(h) = -2*h**3 - 131*h**2 - 61*h + 253. Determine d(-65).
-7
Let v(t) = -t**3 - 5*t**2 + 112*t + 342. Give v(-3).
-12
Let i(p) = -7*p**2 - 474*p + 132. Calculate i(-68).
-4
Let x(m) = -4*m**2 + 75*m + 47. Give x(18).
101
Let v(f) = -f**3 - 3*f**2 + 28*f + 74. Calculate v(-4).
-22
Let f(u) = 224*u - 686. What is f(3)?
-14
Let o(h) = 14*h - 324. What is o(26)?
40
Let g(l) = -9*l**3 + 10*l**2 - 23*l + 31. Give g(3).
-191
Let d(x) = -x**3 - x**2 - 3*x + 12. Calculate d(0).
12
Let d(x) = -x**2 - 251*x + 3997. Give d(15).
7
Let f(h) = -84*h + 37. Calculate f(-3).
289
Let h(s) = 2*s**2 - 99*s - 142. Determine h(51).
11
Let y(w) = -2*w**3 - 54*w**2 - 35*w + 446. Calculate y(-26).
4
Let j(a) = -2*a**3 + 20*a**2 + 234*a - 672. Determine j(16).
0
Let v(d) = -5*d + 177. Give v(63).
-138
Let m(b) = -6*b**3 - 293*b**2 + 51*b + 252. What is m(-49)?
154
Let k(u) = -43*u - 894. What is k(-19)?
-77
Let b(z) = -65*z**2 + 13*z - 9. Determine b(1).
-61
Let d(p) = -19*p**2 - 8*p + 7. Calculate d(2).
-85
Let g(m) = -m**3 + 98*m**2 - 55*m - 4078. Give g(97).
-4
Let k(a) = a**2 + 1582*a + 34310. Determine k(-22).
-10
Let p(k) = k**2 - 14*k - 39. Determine p(8).
-87
Let c(u) = -62*u**2 - 28*u + 64. What is c(2)?
-240
Let l(v) = 8*v**2 + 229*v - 27. Give l(-29).
60
Let f(x) = 42*x + 112. Determine f(-4